{"id":195,"date":"2025-09-04T12:30:41","date_gmt":"2025-09-04T12:30:41","guid":{"rendered":"https:\/\/tanssituulia.com\/?page_id=195"},"modified":"2026-01-11T16:28:43","modified_gmt":"2026-01-11T16:28:43","slug":"koreografia","status":"publish","type":"page","link":"https:\/\/tanssituulia.com\/index.php\/koreografia\/","title":{"rendered":"Koreografia"},"content":{"rendered":"\t\t<div data-elementor-type=\"wp-page\" data-elementor-id=\"195\" class=\"elementor elementor-195\">\n\t\t\t\t<div class=\"elementor-element elementor-element-077f489 e-flex e-con-boxed e-con e-parent\" data-id=\"077f489\" data-element_type=\"container\">\n\t\t\t\t\t<div class=\"e-con-inner\">\n\t\t\t\t<div class=\"elementor-element elementor-element-f667b2c elementor-widget elementor-widget-heading\" data-id=\"f667b2c\" data-element_type=\"widget\" data-widget_type=\"heading.default\">\n\t\t\t\t\t<h2 class=\"elementor-heading-title elementor-size-default\">Koreografiat<\/h2>\t\t\t\t<\/div>\n\t\t\t\t\t<\/div>\n\t\t\t\t<\/div>\n\t\t<div class=\"elementor-element elementor-element-7652811 e-flex e-con-boxed e-con e-parent\" data-id=\"7652811\" data-element_type=\"container\">\n\t\t\t\t\t<div class=\"e-con-inner\">\n\t\t<div class=\"elementor-element elementor-element-b9540c2 e-con-full e-flex e-con e-child\" data-id=\"b9540c2\" data-element_type=\"container\">\n\t\t\t\t<div class=\"elementor-element elementor-element-50e7a8c elementor-widget elementor-widget-text-editor\" data-id=\"50e7a8c\" data-element_type=\"widget\" data-widget_type=\"text-editor.default\">\n\t\t\t\t\t\t\t\t\t<p>Olen tehnyt koreografioita muun muassa teatteriin, oppilasn\u00e4yt\u00f6ksiin sek\u00e4 erilaisiin tapahtumiin. Vahva osaamiseni eri lajeista mahdollistaa monipuoliset ja kekseli\u00e4\u00e4t koreografiat eri tarkoituksiin.<\/p>\t\t\t\t\t\t\t\t<\/div>\n\t\t\t\t<div class=\"elementor-element elementor-element-590ce2c elementor-widget elementor-widget-text-editor\" data-id=\"590ce2c\" data-element_type=\"widget\" data-widget_type=\"text-editor.default\">\n\t\t\t\t\t\t\t\t\t<p>Kilpailunumeroiden koreografiointi kuuluu niin ik\u00e4\u00e4n osaamiseeni. Teen koreografioita ryhmille, duoille ja sooloille eri lajeista &#8211; asiakkaan toiveiden mukaisesti r\u00e4\u00e4t\u00e4l\u00f6ityn\u00e4.<\/p><p>\u00a0<\/p><p>Hinta m\u00e4\u00e4r\u00e4ytyy tapauskohohtaisesti &#8211; projektin luonteesta ja suuruudesta riippuen.<\/p>\t\t\t\t\t\t\t\t<\/div>\n\t\t\t\t<\/div>\n\t\t<div class=\"elementor-element elementor-element-16e825b e-con-full e-flex e-con e-child\" data-id=\"16e825b\" data-element_type=\"container\">\n\t\t\t\t<div class=\"elementor-element elementor-element-ff7a3aa elementor-widget elementor-widget-image\" data-id=\"ff7a3aa\" data-element_type=\"widget\" data-widget_type=\"image.default\">\n\t\t\t\t\t\t\t\t\t\t\t\t\t\t\t<img fetchpriority=\"high\" decoding=\"async\" width=\"1024\" height=\"576\" src=\"https:\/\/tanssituulia.com\/wp-content\/uploads\/2026\/01\/A7-1024x576.jpeg\" class=\"attachment-large size-large wp-image-934\" alt=\"\" srcset=\"https:\/\/tanssituulia.com\/wp-content\/uploads\/2026\/01\/A7-1024x576.jpeg 1024w, https:\/\/tanssituulia.com\/wp-content\/uploads\/2026\/01\/A7-300x169.jpeg 300w, https:\/\/tanssituulia.com\/wp-content\/uploads\/2026\/01\/A7-768x432.jpeg 768w, https:\/\/tanssituulia.com\/wp-content\/uploads\/2026\/01\/A7.jpeg 1334w\" sizes=\"(max-width: 1024px) 100vw, 1024px\" \/>\t\t\t\t\t\t\t\t\t\t\t\t\t\t\t<\/div>\n\t\t\t\t<\/div>\n\t\t<div class=\"elementor-element elementor-element-67ee999 e-con-full e-flex e-con e-child\" data-id=\"67ee999\" data-element_type=\"container\">\n\t\t\t\t<div class=\"elementor-element elementor-element-1457c45 elementor-widget elementor-widget-text-editor\" data-id=\"1457c45\" data-element_type=\"widget\" data-widget_type=\"text-editor.default\">\n\t\t\t\t\t\t\t\t\t<p>Ota yhteytt\u00e4 mik\u00e4li tarvitset koreografia tai lavaliikkeen ohjaajaa. Annan mielell\u00e4ni lis\u00e4tietoa koreorafioinnista, lavaliikkeen suunnittelusta ja ohjauksesta. L\u00f6yd\u00e4mme varmasti yhdess\u00e4 juuri teid\u00e4n tarpeeseenne sopivan paketin.<\/p><p>tuulamalo@icloud.com<\/p>\n<div class=\"wpcf7 no-js\" id=\"wpcf7-f671-o1\" lang=\"fi\" dir=\"ltr\" data-wpcf7-id=\"671\">\n<div class=\"screen-reader-response\"><p role=\"status\" aria-live=\"polite\" aria-atomic=\"true\"><\/p> <ul><\/ul><\/div>\n<form action=\"\/index.php\/wp-json\/wp\/v2\/pages\/195#wpcf7-f671-o1\" method=\"post\" class=\"wpcf7-form init\" aria-label=\"Yhteydenottolomake\" novalidate=\"novalidate\" data-status=\"init\">\n<fieldset class=\"hidden-fields-container\"><input type=\"hidden\" name=\"_wpcf7\" value=\"671\" \/><input type=\"hidden\" name=\"_wpcf7_version\" value=\"6.1.2\" \/><input type=\"hidden\" name=\"_wpcf7_locale\" value=\"fi\" \/><input type=\"hidden\" name=\"_wpcf7_unit_tag\" value=\"wpcf7-f671-o1\" \/><input type=\"hidden\" name=\"_wpcf7_container_post\" value=\"0\" \/><input type=\"hidden\" name=\"_wpcf7_posted_data_hash\" value=\"\" \/>\n<\/fieldset>\n<p><label> Nimesi<br \/>\n<span class=\"wpcf7-form-control-wrap\" data-name=\"your-name\"><input size=\"40\" maxlength=\"400\" class=\"wpcf7-form-control wpcf7-text wpcf7-validates-as-required\" autocomplete=\"name\" aria-required=\"true\" aria-invalid=\"false\" value=\"\" type=\"text\" name=\"your-name\" \/><\/span> <\/label>\n<\/p>\n<p><label> S\u00e4hk\u00f6postiosoitteesi<br \/>\n<span class=\"wpcf7-form-control-wrap\" data-name=\"your-email\"><input size=\"40\" maxlength=\"400\" class=\"wpcf7-form-control wpcf7-email wpcf7-validates-as-required wpcf7-text wpcf7-validates-as-email\" autocomplete=\"email\" aria-required=\"true\" aria-invalid=\"false\" value=\"\" type=\"email\" name=\"your-email\" \/><\/span> <\/label>\n<\/p>\n<p><label> Aihe<br \/>\n<span class=\"wpcf7-form-control-wrap\" data-name=\"your-subject\"><input size=\"40\" maxlength=\"400\" class=\"wpcf7-form-control wpcf7-text wpcf7-validates-as-required\" aria-required=\"true\" aria-invalid=\"false\" value=\"\" type=\"text\" name=\"your-subject\" \/><\/span> <\/label>\n<\/p>\n<p><label> Viestisi<br \/>\n<span class=\"wpcf7-form-control-wrap\" data-name=\"your-message\"><textarea cols=\"40\" rows=\"10\" maxlength=\"2000\" class=\"wpcf7-form-control wpcf7-textarea\" aria-invalid=\"false\" name=\"your-message\"><\/textarea><\/span> <\/label>\n<\/p>\n<p><input class=\"wpcf7-form-control wpcf7-submit has-spinner\" type=\"submit\" value=\"L\u00e4het\u00e4\" \/>\n<\/p><div class=\"wpcf7-response-output\" aria-hidden=\"true\"><\/div>\n<\/form>\n<\/div>\n\t\t\t\t\t\t\t\t<\/div>\n\t\t\t\t<\/div>\n\t\t<div class=\"elementor-element elementor-element-f2bc110 e-con-full e-flex e-con e-child\" data-id=\"f2bc110\" data-element_type=\"container\">\n\t\t\t\t<div class=\"elementor-element elementor-element-7c8cf37 elementor-widget elementor-widget-image\" data-id=\"7c8cf37\" data-element_type=\"widget\" data-widget_type=\"image.default\">\n\t\t\t\t\t\t\t\t\t\t\t\t\t\t\t<img decoding=\"async\" width=\"1024\" height=\"473\" src=\"https:\/\/tanssituulia.com\/wp-content\/uploads\/2026\/01\/A5-1024x473.jpeg\" class=\"attachment-large size-large wp-image-935\" alt=\"\" srcset=\"https:\/\/tanssituulia.com\/wp-content\/uploads\/2026\/01\/A5-1024x473.jpeg 1024w, https:\/\/tanssituulia.com\/wp-content\/uploads\/2026\/01\/A5-300x139.jpeg 300w, https:\/\/tanssituulia.com\/wp-content\/uploads\/2026\/01\/A5-768x355.jpeg 768w, https:\/\/tanssituulia.com\/wp-content\/uploads\/2026\/01\/A5-1536x709.jpeg 1536w, https:\/\/tanssituulia.com\/wp-content\/uploads\/2026\/01\/A5.jpeg 1600w\" sizes=\"(max-width: 1024px) 100vw, 1024px\" \/>\t\t\t\t\t\t\t\t\t\t\t\t\t\t\t<\/div>\n\t\t\t\t<\/div>\n\t\t\t\t\t<\/div>\n\t\t\t\t<\/div>\n\t\t<div class=\"elementor-element elementor-element-e88bd22 e-flex e-con-boxed e-con e-parent\" data-id=\"e88bd22\" data-element_type=\"container\">\n\t\t\t\t\t<div class=\"e-con-inner\">\n\t\t\t\t\t<\/div>\n\t\t\t\t<\/div>\n\t\t\t\t<\/div>\n\t\t","protected":false},"excerpt":{"rendered":"<p>Koreografiat Olen tehnyt koreografioita muun muassa teatteriin, oppilasn\u00e4yt\u00f6ksiin sek\u00e4 erilaisiin tapahtumiin. Vahva osaamiseni eri lajeista mahdollistaa monipuoliset ja kekseli\u00e4\u00e4t koreografiat eri tarkoituksiin. Kilpailunumeroiden koreografiointi kuuluu niin ik\u00e4\u00e4n osaamiseeni. Teen koreografioita ryhmille, duoille ja sooloille eri lajeista &#8211; asiakkaan toiveiden mukaisesti r\u00e4\u00e4t\u00e4l\u00f6ityn\u00e4. \u00a0 Hinta m\u00e4\u00e4r\u00e4ytyy tapauskohohtaisesti &#8211; projektin luonteesta ja suuruudesta riippuen. Ota yhteytt\u00e4 mik\u00e4li tarvitset [&hellip;]<\/p>\n","protected":false},"author":1,"featured_media":0,"parent":0,"menu_order":0,"comment_status":"closed","ping_status":"closed","template":"","meta":{"footnotes":""},"class_list":["post-195","page","type-page","status-publish","hentry"],"_links":{"self":[{"href":"https:\/\/tanssituulia.com\/index.php\/wp-json\/wp\/v2\/pages\/195","targetHints":{"allow":["GET"]}}],"collection":[{"href":"https:\/\/tanssituulia.com\/index.php\/wp-json\/wp\/v2\/pages"}],"about":[{"href":"https:\/\/tanssituulia.com\/index.php\/wp-json\/wp\/v2\/types\/page"}],"author":[{"embeddable":true,"href":"https:\/\/tanssituulia.com\/index.php\/wp-json\/wp\/v2\/users\/1"}],"replies":[{"embeddable":true,"href":"https:\/\/tanssituulia.com\/index.php\/wp-json\/wp\/v2\/comments?post=195"}],"version-history":[{"count":27,"href":"https:\/\/tanssituulia.com\/index.php\/wp-json\/wp\/v2\/pages\/195\/revisions"}],"predecessor-version":[{"id":1141,"href":"https:\/\/tanssituulia.com\/index.php\/wp-json\/wp\/v2\/pages\/195\/revisions\/1141"}],"wp:attachment":[{"href":"https:\/\/tanssituulia.com\/index.php\/wp-json\/wp\/v2\/media?parent=195"}],"curies":[{"name":"wp","href":"https:\/\/api.w.org\/{rel}","templated":true}]}}